{"version":"1.0","provider_name":"Serra FM 87,9","provider_url":"https:\/\/serrafm879.com.br\/serrafm","author_name":"serrafm87","author_url":"https:\/\/serrafm879.com.br\/serrafm\/author\/serrafm87\/","title":"N\u00famero de empregos registrou aumento em dezembro 2020 - Serra FM 87,9","type":"rich","width":600,"height":338,"html":"<blockquote class=\"wp-embedded-content\" data-secret=\"PwXn2ZCeft\"><a href=\"https:\/\/serrafm879.com.br\/serrafm\/2021\/01\/numero-de-empregos-registrou-aumento-em-dezembro-2020\/\">N\u00famero de empregos registrou aumento em dezembro 2020<\/a><\/blockquote><iframe sandbox=\"allow-scripts\" security=\"restricted\" src=\"https:\/\/serrafm879.com.br\/serrafm\/2021\/01\/numero-de-empregos-registrou-aumento-em-dezembro-2020\/embed\/#?secret=PwXn2ZCeft\" width=\"600\" height=\"338\" title=\"&#8220;N\u00famero de empregos registrou aumento em dezembro 2020&#8221; &#8212; Serra FM 87,9\" data-secret=\"PwXn2ZCeft\" frameborder=\"0\" marginwidth=\"0\" marginheight=\"0\" scrolling=\"no\" class=\"wp-embedded-content\"><\/iframe><script type=\"text\/javascript\">\n\/* <![CDATA[ *\/\n\/*! This file is auto-generated *\/\n!function(d,l){\"use strict\";l.querySelector&&d.addEventListener&&\"undefined\"!=typeof URL&&(d.wp=d.wp||{},d.wp.receiveEmbedMessage||(d.wp.receiveEmbedMessage=function(e){var t=e.data;if((t||t.secret||t.message||t.value)&&!\/[^a-zA-Z0-9]\/.test(t.secret)){for(var s,r,n,a=l.querySelectorAll('iframe[data-secret=\"'+t.secret+'\"]'),o=l.querySelectorAll('blockquote[data-secret=\"'+t.secret+'\"]'),c=new RegExp(\"^https?:$\",\"i\"),i=0;i<o.length;i++)o[i].style.display=\"none\";for(i=0;i<a.length;i++)s=a[i],e.source===s.contentWindow&&(s.removeAttribute(\"style\"),\"height\"===t.message?(1e3<(r=parseInt(t.value,10))?r=1e3:~~r<200&&(r=200),s.height=r):\"link\"===t.message&&(r=new URL(s.getAttribute(\"src\")),n=new URL(t.value),c.test(n.protocol))&&n.host===r.host&&l.activeElement===s&&(d.top.location.href=t.value))}},d.addEventListener(\"message\",d.wp.receiveEmbedMessage,!1),l.addEventListener(\"DOMContentLoaded\",function(){for(var e,t,s=l.querySelectorAll(\"iframe.wp-embedded-content\"),r=0;r<s.length;r++)(t=(e=s[r]).getAttribute(\"data-secret\"))||(t=Math.random().toString(36).substring(2,12),e.src+=\"#?secret=\"+t,e.setAttribute(\"data-secret\",t)),e.contentWindow.postMessage({message:\"ready\",secret:t},\"*\")},!1)))}(window,document);\n\/\/# sourceURL=https:\/\/serrafm879.com.br\/serrafm\/wp-includes\/js\/wp-embed.min.js\n\/* ]]> *\/\n<\/script>\n","thumbnail_url":"https:\/\/serrafm879.com.br\/serrafm\/wp-content\/uploads\/2020\/07\/04-15-39-carteira-de-trabalho.jpg","thumbnail_width":700,"thumbnail_height":425,"description":"O n\u00famero de trabalhadores empregados na ind\u00fastria brasileira registrou crescimento em dezembro. \u00c9 a 1\u00aa vez que o m\u00eas tem alta no total de funcion\u00e1rios no setor desde o in\u00edcio da s\u00e9rie hist\u00f3rica, em 2011. O estudo faz parte da Sondagem Industrial, da CNI (Confedera\u00e7\u00e3o Nacional da Ind\u00fastria). O \u00edndice ficou em 50,5 pontos, acima da linha divis\u00f3ria de 50 pontos que marca o limite entre crescimento ou redu\u00e7\u00e3o de postos de trabalho. A pesquisa entrevistou 1.887 empresas, sendo 741 de pequeno porte, 669 de m\u00e9dio porte e 477 grandes empresas, de 4 a 15 de janeiro. A atividade industrial [&hellip;]"}

Número de empregos registrou aumento em dezembro 2020 - Serra FM 87,9

<blockquote class="wp-embedded-content" data-secret="PwXn2ZCeft"><a href="https://serrafm879.com.br/serrafm/2021/01/numero-de-empregos-registrou-aumento-em-dezembro-2020/">Número de empregos registrou aumento em dezembro 2020</a></blockquote><iframe sandbox="allow-scripts" security="restricted" src="https://serrafm879.com.br/serrafm/2021/01/numero-de-empregos-registrou-aumento-em-dezembro-2020/embed/#?secret=PwXn2ZCeft" width="600" height="338" title="&#8220;Número de empregos registrou aumento em dezembro 2020&#8221; &#8212; Serra FM 87,9" data-secret="PwXn2ZCeft" frameborder="0" marginwidth="0" marginheight="0" scrolling="no" class="wp-embedded-content"></iframe><script type="text/javascript">
/* <![CDATA[ */
/*! This file is auto-generated */
!function(d,l){"use strict";l.querySelector&&d.addEventListener&&"undefined"!=typeof URL&&(d.wp=d.wp||{},d.wp.receiveEmbedMessage||(d.wp.receiveEmbedMessage=function(e){var t=e.data;if((t||t.secret||t.message||t.value)&&!/[^a-zA-Z0-9]/.test(t.secret)){for(var s,r,n,a=l.querySelectorAll('iframe[data-secret="'+t.secret+'"]'),o=l.querySelectorAll('blockquote[data-secret="'+t.secret+'"]'),c=new RegExp("^https?:$","i"),i=0;i<o.length;i++)o[i].style.display="none";for(i=0;i<a.length;i++)s=a[i],e.source===s.contentWindow&&(s.removeAttribute("style"),"height"===t.message?(1e3<(r=parseInt(t.value,10))?r=1e3:~~r<200&&(r=200),s.height=r):"link"===t.message&&(r=new URL(s.getAttribute("src")),n=new URL(t.value),c.test(n.protocol))&&n.host===r.host&&l.activeElement===s&&(d.top.location.href=t.value))}},d.addEventListener("message",d.wp.receiveEmbedMessage,!1),l.addEventListener("DOMContentLoaded",function(){for(var e,t,s=l.querySelectorAll("iframe.wp-embedded-content"),r=0;r<s.length;r++)(t=(e=s[r]).getAttribute("data-secret"))||(t=Math.random().toString(36).substring(2,12),e.src+="#?secret="+t,e.setAttribute("data-secret",t)),e.contentWindow.postMessage({message:"ready",secret:t},"*")},!1)))}(window,document);
//# sourceURL=https://serrafm879.com.br/serrafm/wp-includes/js/wp-embed.min.js
/* ]]> */
</script>

O número de trabalhadores empregados na indústria brasileira registrou crescimento em dezembro. É a 1ª vez que o mês tem alta no total de funcionários no setor desde o início da série histórica, em 2011. O estudo faz parte da Sondagem Industrial, da CNI (Confederação Nacional da Indústria). O índice ficou em 50,5 pontos, acima da linha divisória de 50 pontos que marca o limite entre crescimento ou redução de postos de trabalho. A pesquisa entrevistou 1.887 empresas, sendo 741 de pequeno porte, 669 de médio porte e 477 grandes empresas, de 4 a 15 de janeiro. A atividade industrial [&hellip;]
