{"version":"1.0","provider_name":"Serra FM 87,9","provider_url":"https:\/\/serrafm879.com.br\/serrafm","author_name":"serrafm87","author_url":"https:\/\/serrafm879.com.br\/serrafm\/author\/serrafm87\/","title":"Paulo Guedes se reuniu com embaixador da \u00cdndia - Serra FM 87,9","type":"rich","width":600,"height":338,"html":"<blockquote class=\"wp-embedded-content\" data-secret=\"r2GcncCwpQ\"><a href=\"https:\/\/serrafm879.com.br\/serrafm\/2021\/01\/paulo-guedes-se-reuniu-com-embaixador-da-india\/\">Paulo Guedes se reuniu com embaixador da \u00cdndia<\/a><\/blockquote><iframe sandbox=\"allow-scripts\" security=\"restricted\" src=\"https:\/\/serrafm879.com.br\/serrafm\/2021\/01\/paulo-guedes-se-reuniu-com-embaixador-da-india\/embed\/#?secret=r2GcncCwpQ\" width=\"600\" height=\"338\" title=\"&#8220;Paulo Guedes se reuniu com embaixador da \u00cdndia&#8221; &#8212; Serra FM 87,9\" data-secret=\"r2GcncCwpQ\" frameborder=\"0\" marginwidth=\"0\" marginheight=\"0\" scrolling=\"no\" class=\"wp-embedded-content\"><\/iframe><script type=\"text\/javascript\">\n\/* <![CDATA[ *\/\n\/*! This file is auto-generated *\/\n!function(d,l){\"use strict\";l.querySelector&&d.addEventListener&&\"undefined\"!=typeof URL&&(d.wp=d.wp||{},d.wp.receiveEmbedMessage||(d.wp.receiveEmbedMessage=function(e){var t=e.data;if((t||t.secret||t.message||t.value)&&!\/[^a-zA-Z0-9]\/.test(t.secret)){for(var s,r,n,a=l.querySelectorAll('iframe[data-secret=\"'+t.secret+'\"]'),o=l.querySelectorAll('blockquote[data-secret=\"'+t.secret+'\"]'),c=new RegExp(\"^https?:$\",\"i\"),i=0;i<o.length;i++)o[i].style.display=\"none\";for(i=0;i<a.length;i++)s=a[i],e.source===s.contentWindow&&(s.removeAttribute(\"style\"),\"height\"===t.message?(1e3<(r=parseInt(t.value,10))?r=1e3:~~r<200&&(r=200),s.height=r):\"link\"===t.message&&(r=new URL(s.getAttribute(\"src\")),n=new URL(t.value),c.test(n.protocol))&&n.host===r.host&&l.activeElement===s&&(d.top.location.href=t.value))}},d.addEventListener(\"message\",d.wp.receiveEmbedMessage,!1),l.addEventListener(\"DOMContentLoaded\",function(){for(var e,t,s=l.querySelectorAll(\"iframe.wp-embedded-content\"),r=0;r<s.length;r++)(t=(e=s[r]).getAttribute(\"data-secret\"))||(t=Math.random().toString(36).substring(2,12),e.src+=\"#?secret=\"+t,e.setAttribute(\"data-secret\",t)),e.contentWindow.postMessage({message:\"ready\",secret:t},\"*\")},!1)))}(window,document);\n\/\/# sourceURL=https:\/\/serrafm879.com.br\/serrafm\/wp-includes\/js\/wp-embed.min.js\n\/* ]]> *\/\n<\/script>\n","thumbnail_url":"https:\/\/serrafm879.com.br\/serrafm\/wp-content\/uploads\/2020\/09\/vacina.jpg","thumbnail_width":640,"thumbnail_height":360,"description":"Paulo Guedes tamb\u00e9m atuou no esfor\u00e7o de ministros do governo para conseguir liberar as doses de vacina de Oxford e da AstraZeneca produzidas na \u00cdndia pelo Instituto Serum. Na tarde de quarta-feira, Guedes recebeu no Minist\u00e9rio da Economia o embaixador da \u00cdndia no Brasil, Suresh Reddy, e tratou do tema. O Pal\u00e1cio do Planalto informou o carregamento de 2 milh\u00f5es de doses deve chegar ao Brasil no fim da tarde de sexta em um voo comercial da companhia Emirates. A aeronave pousar\u00e1 em Guarulhos (SP) e, ap\u00f3s a libera\u00e7\u00e3o alfandeg\u00e1ria, vacina seguir\u00e1 em aeronave da Azul para o Gale\u00e3o, no [&hellip;]"}

Paulo Guedes se reuniu com embaixador da Índia - Serra FM 87,9

<blockquote class="wp-embedded-content" data-secret="r2GcncCwpQ"><a href="https://serrafm879.com.br/serrafm/2021/01/paulo-guedes-se-reuniu-com-embaixador-da-india/">Paulo Guedes se reuniu com embaixador da Índia</a></blockquote><iframe sandbox="allow-scripts" security="restricted" src="https://serrafm879.com.br/serrafm/2021/01/paulo-guedes-se-reuniu-com-embaixador-da-india/embed/#?secret=r2GcncCwpQ" width="600" height="338" title="&#8220;Paulo Guedes se reuniu com embaixador da Índia&#8221; &#8212; Serra FM 87,9" data-secret="r2GcncCwpQ" frameborder="0" marginwidth="0" marginheight="0" scrolling="no" class="wp-embedded-content"></iframe><script type="text/javascript">
/* <![CDATA[ */
/*! This file is auto-generated */
!function(d,l){"use strict";l.querySelector&&d.addEventListener&&"undefined"!=typeof URL&&(d.wp=d.wp||{},d.wp.receiveEmbedMessage||(d.wp.receiveEmbedMessage=function(e){var t=e.data;if((t||t.secret||t.message||t.value)&&!/[^a-zA-Z0-9]/.test(t.secret)){for(var s,r,n,a=l.querySelectorAll('iframe[data-secret="'+t.secret+'"]'),o=l.querySelectorAll('blockquote[data-secret="'+t.secret+'"]'),c=new RegExp("^https?:$","i"),i=0;i<o.length;i++)o[i].style.display="none";for(i=0;i<a.length;i++)s=a[i],e.source===s.contentWindow&&(s.removeAttribute("style"),"height"===t.message?(1e3<(r=parseInt(t.value,10))?r=1e3:~~r<200&&(r=200),s.height=r):"link"===t.message&&(r=new URL(s.getAttribute("src")),n=new URL(t.value),c.test(n.protocol))&&n.host===r.host&&l.activeElement===s&&(d.top.location.href=t.value))}},d.addEventListener("message",d.wp.receiveEmbedMessage,!1),l.addEventListener("DOMContentLoaded",function(){for(var e,t,s=l.querySelectorAll("iframe.wp-embedded-content"),r=0;r<s.length;r++)(t=(e=s[r]).getAttribute("data-secret"))||(t=Math.random().toString(36).substring(2,12),e.src+="#?secret="+t,e.setAttribute("data-secret",t)),e.contentWindow.postMessage({message:"ready",secret:t},"*")},!1)))}(window,document);
//# sourceURL=https://serrafm879.com.br/serrafm/wp-includes/js/wp-embed.min.js
/* ]]> */
</script>

Paulo Guedes também atuou no esforço de ministros do governo para conseguir liberar as doses de vacina de Oxford e da AstraZeneca produzidas na Índia pelo Instituto Serum. Na tarde de quarta-feira, Guedes recebeu no Ministério da Economia o embaixador da Índia no Brasil, Suresh Reddy, e tratou do tema. O Palácio do Planalto informou o carregamento de 2 milhões de doses deve chegar ao Brasil no fim da tarde de sexta em um voo comercial da companhia Emirates. A aeronave pousará em Guarulhos (SP) e, após a liberação alfandegária, vacina seguirá em aeronave da Azul para o Galeão, no [&hellip;]
