{"version":"1.0","provider_name":"Serra FM 87,9","provider_url":"https:\/\/serrafm879.com.br\/serrafm","author_name":"serrafm87","author_url":"https:\/\/serrafm879.com.br\/serrafm\/author\/serrafm87\/","title":"IBGE: infla\u00e7\u00e3o desacelera para 0,25% em janeiro - Serra FM 87,9","type":"rich","width":600,"height":338,"html":"<blockquote class=\"wp-embedded-content\" data-secret=\"thQtA7FIM0\"><a href=\"https:\/\/serrafm879.com.br\/serrafm\/2021\/02\/ibge-inflacao-desacelera-para-025-em-janeiro\/\">IBGE: infla\u00e7\u00e3o desacelera para 0,25% em janeiro<\/a><\/blockquote><iframe sandbox=\"allow-scripts\" security=\"restricted\" src=\"https:\/\/serrafm879.com.br\/serrafm\/2021\/02\/ibge-inflacao-desacelera-para-025-em-janeiro\/embed\/#?secret=thQtA7FIM0\" width=\"600\" height=\"338\" title=\"&#8220;IBGE: infla\u00e7\u00e3o desacelera para 0,25% em janeiro&#8221; &#8212; Serra FM 87,9\" data-secret=\"thQtA7FIM0\" frameborder=\"0\" marginwidth=\"0\" marginheight=\"0\" scrolling=\"no\" class=\"wp-embedded-content\"><\/iframe><script type=\"text\/javascript\">\n\/* <![CDATA[ *\/\n\/*! This file is auto-generated *\/\n!function(d,l){\"use strict\";l.querySelector&&d.addEventListener&&\"undefined\"!=typeof URL&&(d.wp=d.wp||{},d.wp.receiveEmbedMessage||(d.wp.receiveEmbedMessage=function(e){var t=e.data;if((t||t.secret||t.message||t.value)&&!\/[^a-zA-Z0-9]\/.test(t.secret)){for(var s,r,n,a=l.querySelectorAll('iframe[data-secret=\"'+t.secret+'\"]'),o=l.querySelectorAll('blockquote[data-secret=\"'+t.secret+'\"]'),c=new RegExp(\"^https?:$\",\"i\"),i=0;i<o.length;i++)o[i].style.display=\"none\";for(i=0;i<a.length;i++)s=a[i],e.source===s.contentWindow&&(s.removeAttribute(\"style\"),\"height\"===t.message?(1e3<(r=parseInt(t.value,10))?r=1e3:~~r<200&&(r=200),s.height=r):\"link\"===t.message&&(r=new URL(s.getAttribute(\"src\")),n=new URL(t.value),c.test(n.protocol))&&n.host===r.host&&l.activeElement===s&&(d.top.location.href=t.value))}},d.addEventListener(\"message\",d.wp.receiveEmbedMessage,!1),l.addEventListener(\"DOMContentLoaded\",function(){for(var e,t,s=l.querySelectorAll(\"iframe.wp-embedded-content\"),r=0;r<s.length;r++)(t=(e=s[r]).getAttribute(\"data-secret\"))||(t=Math.random().toString(36).substring(2,12),e.src+=\"#?secret=\"+t,e.setAttribute(\"data-secret\",t)),e.contentWindow.postMessage({message:\"ready\",secret:t},\"*\")},!1)))}(window,document);\n\/\/# sourceURL=https:\/\/serrafm879.com.br\/serrafm\/wp-includes\/js\/wp-embed.min.js\n\/* ]]> *\/\n<\/script>\n","thumbnail_url":"https:\/\/serrafm879.com.br\/serrafm\/wp-content\/uploads\/2021\/02\/dinheiro.jpg","thumbnail_width":1170,"thumbnail_height":700,"description":"O \u00cdndice Nacional de Pre\u00e7os ao Consumidor Amplo (IPCA), que mede a infla\u00e7\u00e3o oficial do pa\u00eds, registrou 0,25% em janeiro, 1,10 ponto percentual (p.p.) abaixo da taxa de dezembro de 2020 (1,35%). A informa\u00e7\u00e3o foi divulgada hoje (9), no Rio de Janeiro, pelo Instituto Brasileiro de Geografia e Estat\u00edstica (IBGE). Nos \u00faltimos 12 meses, o indicador acumula alta de 4,56%, acima dos 4,52% observados nos 12 meses imediatamente anteriores. Em janeiro de 2020, a varia\u00e7\u00e3o havia sido de 0,21%. Segundo o IBGE, alimentos e bebidas continuam puxando os pre\u00e7os para cima, mas com menos for\u00e7a. J\u00e1 a mudan\u00e7a de bandeira [&hellip;]"}

IBGE: inflação desacelera para 0,25% em janeiro - Serra FM 87,9

<blockquote class="wp-embedded-content" data-secret="thQtA7FIM0"><a href="https://serrafm879.com.br/serrafm/2021/02/ibge-inflacao-desacelera-para-025-em-janeiro/">IBGE: inflação desacelera para 0,25% em janeiro</a></blockquote><iframe sandbox="allow-scripts" security="restricted" src="https://serrafm879.com.br/serrafm/2021/02/ibge-inflacao-desacelera-para-025-em-janeiro/embed/#?secret=thQtA7FIM0" width="600" height="338" title="&#8220;IBGE: inflação desacelera para 0,25% em janeiro&#8221; &#8212; Serra FM 87,9" data-secret="thQtA7FIM0" frameborder="0" marginwidth="0" marginheight="0" scrolling="no" class="wp-embedded-content"></iframe><script type="text/javascript">
/* <![CDATA[ */
/*! This file is auto-generated */
!function(d,l){"use strict";l.querySelector&&d.addEventListener&&"undefined"!=typeof URL&&(d.wp=d.wp||{},d.wp.receiveEmbedMessage||(d.wp.receiveEmbedMessage=function(e){var t=e.data;if((t||t.secret||t.message||t.value)&&!/[^a-zA-Z0-9]/.test(t.secret)){for(var s,r,n,a=l.querySelectorAll('iframe[data-secret="'+t.secret+'"]'),o=l.querySelectorAll('blockquote[data-secret="'+t.secret+'"]'),c=new RegExp("^https?:$","i"),i=0;i<o.length;i++)o[i].style.display="none";for(i=0;i<a.length;i++)s=a[i],e.source===s.contentWindow&&(s.removeAttribute("style"),"height"===t.message?(1e3<(r=parseInt(t.value,10))?r=1e3:~~r<200&&(r=200),s.height=r):"link"===t.message&&(r=new URL(s.getAttribute("src")),n=new URL(t.value),c.test(n.protocol))&&n.host===r.host&&l.activeElement===s&&(d.top.location.href=t.value))}},d.addEventListener("message",d.wp.receiveEmbedMessage,!1),l.addEventListener("DOMContentLoaded",function(){for(var e,t,s=l.querySelectorAll("iframe.wp-embedded-content"),r=0;r<s.length;r++)(t=(e=s[r]).getAttribute("data-secret"))||(t=Math.random().toString(36).substring(2,12),e.src+="#?secret="+t,e.setAttribute("data-secret",t)),e.contentWindow.postMessage({message:"ready",secret:t},"*")},!1)))}(window,document);
//# sourceURL=https://serrafm879.com.br/serrafm/wp-includes/js/wp-embed.min.js
/* ]]> */
</script>

O Índice Nacional de Preços ao Consumidor Amplo (IPCA), que mede a inflação oficial do país, registrou 0,25% em janeiro, 1,10 ponto percentual (p.p.) abaixo da taxa de dezembro de 2020 (1,35%). A informação foi divulgada hoje (9), no Rio de Janeiro, pelo Instituto Brasileiro de Geografia e Estatística (IBGE). Nos últimos 12 meses, o indicador acumula alta de 4,56%, acima dos 4,52% observados nos 12 meses imediatamente anteriores. Em janeiro de 2020, a variação havia sido de 0,21%. Segundo o IBGE, alimentos e bebidas continuam puxando os preços para cima, mas com menos força. Já a mudança de bandeira [&hellip;]
