{"version":"1.0","provider_name":"Serra FM 87,9","provider_url":"https:\/\/serrafm879.com.br\/serrafm","author_name":"serrafm87","author_url":"https:\/\/serrafm879.com.br\/serrafm\/author\/serrafm87\/","title":"Serra Talhada inicia vacina\u00e7\u00e3o de grupo com comorbidades - Serra FM 87,9","type":"rich","width":600,"height":338,"html":"<blockquote class=\"wp-embedded-content\" data-secret=\"xFTIGmkj1p\"><a href=\"https:\/\/serrafm879.com.br\/serrafm\/2021\/05\/serra-talhada-inicia-vacinacao-de-grupo-com-comorbidades\/\">Serra Talhada inicia vacina\u00e7\u00e3o de grupo com comorbidades<\/a><\/blockquote><iframe sandbox=\"allow-scripts\" security=\"restricted\" src=\"https:\/\/serrafm879.com.br\/serrafm\/2021\/05\/serra-talhada-inicia-vacinacao-de-grupo-com-comorbidades\/embed\/#?secret=xFTIGmkj1p\" width=\"600\" height=\"338\" title=\"&#8220;Serra Talhada inicia vacina\u00e7\u00e3o de grupo com comorbidades&#8221; &#8212; Serra FM 87,9\" data-secret=\"xFTIGmkj1p\" frameborder=\"0\" marginwidth=\"0\" marginheight=\"0\" scrolling=\"no\" class=\"wp-embedded-content\"><\/iframe><script type=\"text\/javascript\">\n\/* <![CDATA[ *\/\n\/*! This file is auto-generated *\/\n!function(d,l){\"use strict\";l.querySelector&&d.addEventListener&&\"undefined\"!=typeof URL&&(d.wp=d.wp||{},d.wp.receiveEmbedMessage||(d.wp.receiveEmbedMessage=function(e){var t=e.data;if((t||t.secret||t.message||t.value)&&!\/[^a-zA-Z0-9]\/.test(t.secret)){for(var s,r,n,a=l.querySelectorAll('iframe[data-secret=\"'+t.secret+'\"]'),o=l.querySelectorAll('blockquote[data-secret=\"'+t.secret+'\"]'),c=new RegExp(\"^https?:$\",\"i\"),i=0;i<o.length;i++)o[i].style.display=\"none\";for(i=0;i<a.length;i++)s=a[i],e.source===s.contentWindow&&(s.removeAttribute(\"style\"),\"height\"===t.message?(1e3<(r=parseInt(t.value,10))?r=1e3:~~r<200&&(r=200),s.height=r):\"link\"===t.message&&(r=new URL(s.getAttribute(\"src\")),n=new URL(t.value),c.test(n.protocol))&&n.host===r.host&&l.activeElement===s&&(d.top.location.href=t.value))}},d.addEventListener(\"message\",d.wp.receiveEmbedMessage,!1),l.addEventListener(\"DOMContentLoaded\",function(){for(var e,t,s=l.querySelectorAll(\"iframe.wp-embedded-content\"),r=0;r<s.length;r++)(t=(e=s[r]).getAttribute(\"data-secret\"))||(t=Math.random().toString(36).substring(2,12),e.src+=\"#?secret=\"+t,e.setAttribute(\"data-secret\",t)),e.contentWindow.postMessage({message:\"ready\",secret:t},\"*\")},!1)))}(window,document);\n\/\/# sourceURL=https:\/\/serrafm879.com.br\/serrafm\/wp-includes\/js\/wp-embed.min.js\n\/* ]]> *\/\n<\/script>\n","thumbnail_url":"https:\/\/serrafm879.com.br\/serrafm\/wp-content\/uploads\/2021\/05\/WhatsApp-Image-2021-05-04-at-07.33.04.jpeg","thumbnail_width":1280,"thumbnail_height":853,"description":"A Secretaria de Sa\u00fade de Serra Talhada iniciou nesta segunda-feira (03) a vacina\u00e7\u00e3o contra a Covid-19 da popula\u00e7\u00e3o portadora de comorbidades. O lan\u00e7amento da vacina\u00e7\u00e3o aconteceu no Setor do PNI, com a presen\u00e7a da prefeita M\u00e1rcia Conrado, da secret\u00e1ria de Sa\u00fade, Lisbeth Lima, e da coordenadora do PNI, Karla Lima. Essa primeira etapa da vacina\u00e7\u00e3o no munic\u00edpio contempla pessoas de 18 a 59 anos com S\u00edndrome de Down. Na sequ\u00eancia ser\u00e3o vacinadas as pessoas da mesma faixa et\u00e1ria com doen\u00e7a renal cr\u00f4nica em terapia de substitui\u00e7\u00e3o renal (di\u00e1lise). Os demais grupos ser\u00e3o vacinados de acordo com a chegada de doses [&hellip;]"}

Serra Talhada inicia vacinação de grupo com comorbidades - Serra FM 87,9

<blockquote class="wp-embedded-content" data-secret="xFTIGmkj1p"><a href="https://serrafm879.com.br/serrafm/2021/05/serra-talhada-inicia-vacinacao-de-grupo-com-comorbidades/">Serra Talhada inicia vacinação de grupo com comorbidades</a></blockquote><iframe sandbox="allow-scripts" security="restricted" src="https://serrafm879.com.br/serrafm/2021/05/serra-talhada-inicia-vacinacao-de-grupo-com-comorbidades/embed/#?secret=xFTIGmkj1p" width="600" height="338" title="&#8220;Serra Talhada inicia vacinação de grupo com comorbidades&#8221; &#8212; Serra FM 87,9" data-secret="xFTIGmkj1p" frameborder="0" marginwidth="0" marginheight="0" scrolling="no" class="wp-embedded-content"></iframe><script type="text/javascript">
/* <![CDATA[ */
/*! This file is auto-generated */
!function(d,l){"use strict";l.querySelector&&d.addEventListener&&"undefined"!=typeof URL&&(d.wp=d.wp||{},d.wp.receiveEmbedMessage||(d.wp.receiveEmbedMessage=function(e){var t=e.data;if((t||t.secret||t.message||t.value)&&!/[^a-zA-Z0-9]/.test(t.secret)){for(var s,r,n,a=l.querySelectorAll('iframe[data-secret="'+t.secret+'"]'),o=l.querySelectorAll('blockquote[data-secret="'+t.secret+'"]'),c=new RegExp("^https?:$","i"),i=0;i<o.length;i++)o[i].style.display="none";for(i=0;i<a.length;i++)s=a[i],e.source===s.contentWindow&&(s.removeAttribute("style"),"height"===t.message?(1e3<(r=parseInt(t.value,10))?r=1e3:~~r<200&&(r=200),s.height=r):"link"===t.message&&(r=new URL(s.getAttribute("src")),n=new URL(t.value),c.test(n.protocol))&&n.host===r.host&&l.activeElement===s&&(d.top.location.href=t.value))}},d.addEventListener("message",d.wp.receiveEmbedMessage,!1),l.addEventListener("DOMContentLoaded",function(){for(var e,t,s=l.querySelectorAll("iframe.wp-embedded-content"),r=0;r<s.length;r++)(t=(e=s[r]).getAttribute("data-secret"))||(t=Math.random().toString(36).substring(2,12),e.src+="#?secret="+t,e.setAttribute("data-secret",t)),e.contentWindow.postMessage({message:"ready",secret:t},"*")},!1)))}(window,document);
//# sourceURL=https://serrafm879.com.br/serrafm/wp-includes/js/wp-embed.min.js
/* ]]> */
</script>

A Secretaria de Saúde de Serra Talhada iniciou nesta segunda-feira (03) a vacinação contra a Covid-19 da população portadora de comorbidades. O lançamento da vacinação aconteceu no Setor do PNI, com a presença da prefeita Márcia Conrado, da secretária de Saúde, Lisbeth Lima, e da coordenadora do PNI, Karla Lima. Essa primeira etapa da vacinação no município contempla pessoas de 18 a 59 anos com Síndrome de Down. Na sequência serão vacinadas as pessoas da mesma faixa etária com doença renal crônica em terapia de substituição renal (diálise). Os demais grupos serão vacinados de acordo com a chegada de doses [&hellip;]
