{"version":"1.0","provider_name":"Serra FM 87,9","provider_url":"https:\/\/serrafm879.com.br\/serrafm","author_name":"serrafm87","author_url":"https:\/\/serrafm879.com.br\/serrafm\/author\/serrafm87\/","title":"Solicita\u00e7\u00f5es de UTI no Agreste subiram 44% - Serra FM 87,9","type":"rich","width":600,"height":338,"html":"<blockquote class=\"wp-embedded-content\" data-secret=\"XNtZ6RYP4K\"><a href=\"https:\/\/serrafm879.com.br\/serrafm\/2021\/05\/solicitacoes-de-uti-no-agreste-subiram-44\/\">Solicita\u00e7\u00f5es de UTI no Agreste subiram 44%<\/a><\/blockquote><iframe sandbox=\"allow-scripts\" security=\"restricted\" src=\"https:\/\/serrafm879.com.br\/serrafm\/2021\/05\/solicitacoes-de-uti-no-agreste-subiram-44\/embed\/#?secret=XNtZ6RYP4K\" width=\"600\" height=\"338\" title=\"&#8220;Solicita\u00e7\u00f5es de UTI no Agreste subiram 44%&#8221; &#8212; Serra FM 87,9\" data-secret=\"XNtZ6RYP4K\" frameborder=\"0\" marginwidth=\"0\" marginheight=\"0\" scrolling=\"no\" class=\"wp-embedded-content\"><\/iframe><script type=\"text\/javascript\">\n\/* <![CDATA[ *\/\n\/*! This file is auto-generated *\/\n!function(d,l){\"use strict\";l.querySelector&&d.addEventListener&&\"undefined\"!=typeof URL&&(d.wp=d.wp||{},d.wp.receiveEmbedMessage||(d.wp.receiveEmbedMessage=function(e){var t=e.data;if((t||t.secret||t.message||t.value)&&!\/[^a-zA-Z0-9]\/.test(t.secret)){for(var s,r,n,a=l.querySelectorAll('iframe[data-secret=\"'+t.secret+'\"]'),o=l.querySelectorAll('blockquote[data-secret=\"'+t.secret+'\"]'),c=new RegExp(\"^https?:$\",\"i\"),i=0;i<o.length;i++)o[i].style.display=\"none\";for(i=0;i<a.length;i++)s=a[i],e.source===s.contentWindow&&(s.removeAttribute(\"style\"),\"height\"===t.message?(1e3<(r=parseInt(t.value,10))?r=1e3:~~r<200&&(r=200),s.height=r):\"link\"===t.message&&(r=new URL(s.getAttribute(\"src\")),n=new URL(t.value),c.test(n.protocol))&&n.host===r.host&&l.activeElement===s&&(d.top.location.href=t.value))}},d.addEventListener(\"message\",d.wp.receiveEmbedMessage,!1),l.addEventListener(\"DOMContentLoaded\",function(){for(var e,t,s=l.querySelectorAll(\"iframe.wp-embedded-content\"),r=0;r<s.length;r++)(t=(e=s[r]).getAttribute(\"data-secret\"))||(t=Math.random().toString(36).substring(2,12),e.src+=\"#?secret=\"+t,e.setAttribute(\"data-secret\",t)),e.contentWindow.postMessage({message:\"ready\",secret:t},\"*\")},!1)))}(window,document);\n\/\/# sourceURL=https:\/\/serrafm879.com.br\/serrafm\/wp-includes\/js\/wp-embed.min.js\n\/* ]]> *\/\n<\/script>\n","thumbnail_url":"https:\/\/serrafm879.com.br\/serrafm\/wp-content\/uploads\/2021\/04\/UTIPE.jpeg","thumbnail_width":1100,"thumbnail_height":734,"description":"A Secretaria Estadual de Sa\u00fade (SES-PE) registrou, nesta sexta-feira (14), 2.975 casos da Covid-19. Entre os confirmados hoje, 165 (5,5%) s\u00e3o casos de S\u00edndrome Respirat\u00f3ria Aguda Grave (SRAG) e 2.810 (94,5%) s\u00e3o leves. Agora, Pernambuco totaliza 437.783 casos confirmados da doen\u00e7a, sendo 42.320 graves e 395.463 leves, que est\u00e3o distribu\u00eddos por todos os 184 munic\u00edpios pernambucanos, al\u00e9m do arquip\u00e9lago de Fernando de Noronha. Al\u00e9m disso, o boletim registra um total de 373.453 pacientes recuperados da doen\u00e7a. Destes, 24.722 eram pacientes graves, que necessitaram de internamento hospitalar, e 348.731 eram casos leves. Tamb\u00e9m foram confirmados laboratorialmente 43 novos \u00f3bitos (23 femininos [&hellip;]"}

Solicitações de UTI no Agreste subiram 44% - Serra FM 87,9

<blockquote class="wp-embedded-content" data-secret="XNtZ6RYP4K"><a href="https://serrafm879.com.br/serrafm/2021/05/solicitacoes-de-uti-no-agreste-subiram-44/">Solicitações de UTI no Agreste subiram 44%</a></blockquote><iframe sandbox="allow-scripts" security="restricted" src="https://serrafm879.com.br/serrafm/2021/05/solicitacoes-de-uti-no-agreste-subiram-44/embed/#?secret=XNtZ6RYP4K" width="600" height="338" title="&#8220;Solicitações de UTI no Agreste subiram 44%&#8221; &#8212; Serra FM 87,9" data-secret="XNtZ6RYP4K" frameborder="0" marginwidth="0" marginheight="0" scrolling="no" class="wp-embedded-content"></iframe><script type="text/javascript">
/* <![CDATA[ */
/*! This file is auto-generated */
!function(d,l){"use strict";l.querySelector&&d.addEventListener&&"undefined"!=typeof URL&&(d.wp=d.wp||{},d.wp.receiveEmbedMessage||(d.wp.receiveEmbedMessage=function(e){var t=e.data;if((t||t.secret||t.message||t.value)&&!/[^a-zA-Z0-9]/.test(t.secret)){for(var s,r,n,a=l.querySelectorAll('iframe[data-secret="'+t.secret+'"]'),o=l.querySelectorAll('blockquote[data-secret="'+t.secret+'"]'),c=new RegExp("^https?:$","i"),i=0;i<o.length;i++)o[i].style.display="none";for(i=0;i<a.length;i++)s=a[i],e.source===s.contentWindow&&(s.removeAttribute("style"),"height"===t.message?(1e3<(r=parseInt(t.value,10))?r=1e3:~~r<200&&(r=200),s.height=r):"link"===t.message&&(r=new URL(s.getAttribute("src")),n=new URL(t.value),c.test(n.protocol))&&n.host===r.host&&l.activeElement===s&&(d.top.location.href=t.value))}},d.addEventListener("message",d.wp.receiveEmbedMessage,!1),l.addEventListener("DOMContentLoaded",function(){for(var e,t,s=l.querySelectorAll("iframe.wp-embedded-content"),r=0;r<s.length;r++)(t=(e=s[r]).getAttribute("data-secret"))||(t=Math.random().toString(36).substring(2,12),e.src+="#?secret="+t,e.setAttribute("data-secret",t)),e.contentWindow.postMessage({message:"ready",secret:t},"*")},!1)))}(window,document);
//# sourceURL=https://serrafm879.com.br/serrafm/wp-includes/js/wp-embed.min.js
/* ]]> */
</script>

A Secretaria Estadual de Saúde (SES-PE) registrou, nesta sexta-feira (14), 2.975 casos da Covid-19. Entre os confirmados hoje, 165 (5,5%) são casos de Síndrome Respiratória Aguda Grave (SRAG) e 2.810 (94,5%) são leves. Agora, Pernambuco totaliza 437.783 casos confirmados da doença, sendo 42.320 graves e 395.463 leves, que estão distribuídos por todos os 184 municípios pernambucanos, além do arquipélago de Fernando de Noronha. Além disso, o boletim registra um total de 373.453 pacientes recuperados da doença. Destes, 24.722 eram pacientes graves, que necessitaram de internamento hospitalar, e 348.731 eram casos leves. Também foram confirmados laboratorialmente 43 novos óbitos (23 femininos [&hellip;]
