{"version":"1.0","provider_name":"Serra FM 87,9","provider_url":"https:\/\/serrafm879.com.br\/serrafm","author_name":"serrafm87","author_url":"https:\/\/serrafm879.com.br\/serrafm\/author\/serrafm87\/","title":"Prefeitura leva mutir\u00e3o de infraestrutura aos bairros - Serra FM 87,9","type":"rich","width":600,"height":338,"html":"<blockquote class=\"wp-embedded-content\" data-secret=\"blc0NBFzB9\"><a href=\"https:\/\/serrafm879.com.br\/serrafm\/2025\/04\/prefeitura-leva-mutirao-de-infraestrutura-aos-bairros\/\">Prefeitura leva mutir\u00e3o de infraestrutura aos bairros<\/a><\/blockquote><iframe sandbox=\"allow-scripts\" security=\"restricted\" src=\"https:\/\/serrafm879.com.br\/serrafm\/2025\/04\/prefeitura-leva-mutirao-de-infraestrutura-aos-bairros\/embed\/#?secret=blc0NBFzB9\" width=\"600\" height=\"338\" title=\"&#8220;Prefeitura leva mutir\u00e3o de infraestrutura aos bairros&#8221; &#8212; Serra FM 87,9\" data-secret=\"blc0NBFzB9\" frameborder=\"0\" marginwidth=\"0\" marginheight=\"0\" scrolling=\"no\" class=\"wp-embedded-content\"><\/iframe><script type=\"text\/javascript\">\n\/* <![CDATA[ *\/\n\/*! This file is auto-generated *\/\n!function(d,l){\"use strict\";l.querySelector&&d.addEventListener&&\"undefined\"!=typeof URL&&(d.wp=d.wp||{},d.wp.receiveEmbedMessage||(d.wp.receiveEmbedMessage=function(e){var t=e.data;if((t||t.secret||t.message||t.value)&&!\/[^a-zA-Z0-9]\/.test(t.secret)){for(var s,r,n,a=l.querySelectorAll('iframe[data-secret=\"'+t.secret+'\"]'),o=l.querySelectorAll('blockquote[data-secret=\"'+t.secret+'\"]'),c=new RegExp(\"^https?:$\",\"i\"),i=0;i<o.length;i++)o[i].style.display=\"none\";for(i=0;i<a.length;i++)s=a[i],e.source===s.contentWindow&&(s.removeAttribute(\"style\"),\"height\"===t.message?(1e3<(r=parseInt(t.value,10))?r=1e3:~~r<200&&(r=200),s.height=r):\"link\"===t.message&&(r=new URL(s.getAttribute(\"src\")),n=new URL(t.value),c.test(n.protocol))&&n.host===r.host&&l.activeElement===s&&(d.top.location.href=t.value))}},d.addEventListener(\"message\",d.wp.receiveEmbedMessage,!1),l.addEventListener(\"DOMContentLoaded\",function(){for(var e,t,s=l.querySelectorAll(\"iframe.wp-embedded-content\"),r=0;r<s.length;r++)(t=(e=s[r]).getAttribute(\"data-secret\"))||(t=Math.random().toString(36).substring(2,12),e.src+=\"#?secret=\"+t,e.setAttribute(\"data-secret\",t)),e.contentWindow.postMessage({message:\"ready\",secret:t},\"*\")},!1)))}(window,document);\n\/\/# sourceURL=https:\/\/serrafm879.com.br\/serrafm\/wp-includes\/js\/wp-embed.min.js\n\/* ]]> *\/\n<\/script>\n","thumbnail_url":"https:\/\/serrafm879.com.br\/serrafm\/wp-content\/uploads\/2025\/04\/WhatsApp-Image-2025-04-11-at-10.09.53-1536x1152-1.jpeg","thumbnail_width":1536,"thumbnail_height":1152,"description":"A Prefeitura de\u00a0Afogados\u00a0deu in\u00edcio esta semana a um grande mutir\u00e3o de servi\u00e7os de infraestrutura visando atender as demandas dos bairros da cidade. O trabalho come\u00e7ou pelos bairros Padre Pedro Pereira, com o residencial Miguel Arraes a\u00ed incluso, e o bairro Planalto. Est\u00e3o sendo realizados servi\u00e7os de terraplanagem de ruas, melhorias na ilumina\u00e7\u00e3o, poda\u00e7\u00e3o de \u00e1rvores, mutir\u00e3o de limpeza em \u00e1reas p\u00fablicas, servi\u00e7os de esgotamento sanit\u00e1rio, opera\u00e7\u00e3o tapa-buraco, dentre outros. Todas as m\u00e1quinas da infraestrutura est\u00e3o sendo utilizados nos mutir\u00f5es. \u201cEsse trabalho vai chegar em todos os bairros de Afogados. J\u00e1 na pr\u00f3xima semana estaremos com o mutir\u00e3o de servi\u00e7os nos [&hellip;]"}

Prefeitura leva mutirão de infraestrutura aos bairros - Serra FM 87,9

<blockquote class="wp-embedded-content" data-secret="blc0NBFzB9"><a href="https://serrafm879.com.br/serrafm/2025/04/prefeitura-leva-mutirao-de-infraestrutura-aos-bairros/">Prefeitura leva mutirão de infraestrutura aos bairros</a></blockquote><iframe sandbox="allow-scripts" security="restricted" src="https://serrafm879.com.br/serrafm/2025/04/prefeitura-leva-mutirao-de-infraestrutura-aos-bairros/embed/#?secret=blc0NBFzB9" width="600" height="338" title="&#8220;Prefeitura leva mutirão de infraestrutura aos bairros&#8221; &#8212; Serra FM 87,9" data-secret="blc0NBFzB9" frameborder="0" marginwidth="0" marginheight="0" scrolling="no" class="wp-embedded-content"></iframe><script type="text/javascript">
/* <![CDATA[ */
/*! This file is auto-generated */
!function(d,l){"use strict";l.querySelector&&d.addEventListener&&"undefined"!=typeof URL&&(d.wp=d.wp||{},d.wp.receiveEmbedMessage||(d.wp.receiveEmbedMessage=function(e){var t=e.data;if((t||t.secret||t.message||t.value)&&!/[^a-zA-Z0-9]/.test(t.secret)){for(var s,r,n,a=l.querySelectorAll('iframe[data-secret="'+t.secret+'"]'),o=l.querySelectorAll('blockquote[data-secret="'+t.secret+'"]'),c=new RegExp("^https?:$","i"),i=0;i<o.length;i++)o[i].style.display="none";for(i=0;i<a.length;i++)s=a[i],e.source===s.contentWindow&&(s.removeAttribute("style"),"height"===t.message?(1e3<(r=parseInt(t.value,10))?r=1e3:~~r<200&&(r=200),s.height=r):"link"===t.message&&(r=new URL(s.getAttribute("src")),n=new URL(t.value),c.test(n.protocol))&&n.host===r.host&&l.activeElement===s&&(d.top.location.href=t.value))}},d.addEventListener("message",d.wp.receiveEmbedMessage,!1),l.addEventListener("DOMContentLoaded",function(){for(var e,t,s=l.querySelectorAll("iframe.wp-embedded-content"),r=0;r<s.length;r++)(t=(e=s[r]).getAttribute("data-secret"))||(t=Math.random().toString(36).substring(2,12),e.src+="#?secret="+t,e.setAttribute("data-secret",t)),e.contentWindow.postMessage({message:"ready",secret:t},"*")},!1)))}(window,document);
//# sourceURL=https://serrafm879.com.br/serrafm/wp-includes/js/wp-embed.min.js
/* ]]> */
</script>

A Prefeitura de Afogados deu início esta semana a um grande mutirão de serviços de infraestrutura visando atender as demandas dos bairros da cidade. O trabalho começou pelos bairros Padre Pedro Pereira, com o residencial Miguel Arraes aí incluso, e o bairro Planalto. Estão sendo realizados serviços de terraplanagem de ruas, melhorias na iluminação, podação de árvores, mutirão de limpeza em áreas públicas, serviços de esgotamento sanitário, operação tapa-buraco, dentre outros. Todas as máquinas da infraestrutura estão sendo utilizados nos mutirões. “Esse trabalho vai chegar em todos os bairros de Afogados. Já na próxima semana estaremos com o mutirão de serviços nos [&hellip;]
