{"version":"1.0","provider_name":"Serra FM 87,9","provider_url":"https:\/\/serrafm879.com.br\/serrafm","author_name":"serrafm87","author_url":"https:\/\/serrafm879.com.br\/serrafm\/author\/serrafm87\/","title":"Morre o ator Francisco Cuoco, aos 91 anos - Serra FM 87,9","type":"rich","width":600,"height":338,"html":"<blockquote class=\"wp-embedded-content\" data-secret=\"H5D5mQEnrv\"><a href=\"https:\/\/serrafm879.com.br\/serrafm\/2025\/06\/morre-o-ator-francisco-cuoco-aos-91-anos\/\">Morre o ator Francisco Cuoco, aos 91 anos<\/a><\/blockquote><iframe sandbox=\"allow-scripts\" security=\"restricted\" src=\"https:\/\/serrafm879.com.br\/serrafm\/2025\/06\/morre-o-ator-francisco-cuoco-aos-91-anos\/embed\/#?secret=H5D5mQEnrv\" width=\"600\" height=\"338\" title=\"&#8220;Morre o ator Francisco Cuoco, aos 91 anos&#8221; &#8212; Serra FM 87,9\" data-secret=\"H5D5mQEnrv\" frameborder=\"0\" marginwidth=\"0\" marginheight=\"0\" scrolling=\"no\" class=\"wp-embedded-content\"><\/iframe><script type=\"text\/javascript\">\n\/* <![CDATA[ *\/\n\/*! This file is auto-generated *\/\n!function(d,l){\"use strict\";l.querySelector&&d.addEventListener&&\"undefined\"!=typeof URL&&(d.wp=d.wp||{},d.wp.receiveEmbedMessage||(d.wp.receiveEmbedMessage=function(e){var t=e.data;if((t||t.secret||t.message||t.value)&&!\/[^a-zA-Z0-9]\/.test(t.secret)){for(var s,r,n,a=l.querySelectorAll('iframe[data-secret=\"'+t.secret+'\"]'),o=l.querySelectorAll('blockquote[data-secret=\"'+t.secret+'\"]'),c=new RegExp(\"^https?:$\",\"i\"),i=0;i<o.length;i++)o[i].style.display=\"none\";for(i=0;i<a.length;i++)s=a[i],e.source===s.contentWindow&&(s.removeAttribute(\"style\"),\"height\"===t.message?(1e3<(r=parseInt(t.value,10))?r=1e3:~~r<200&&(r=200),s.height=r):\"link\"===t.message&&(r=new URL(s.getAttribute(\"src\")),n=new URL(t.value),c.test(n.protocol))&&n.host===r.host&&l.activeElement===s&&(d.top.location.href=t.value))}},d.addEventListener(\"message\",d.wp.receiveEmbedMessage,!1),l.addEventListener(\"DOMContentLoaded\",function(){for(var e,t,s=l.querySelectorAll(\"iframe.wp-embedded-content\"),r=0;r<s.length;r++)(t=(e=s[r]).getAttribute(\"data-secret\"))||(t=Math.random().toString(36).substring(2,12),e.src+=\"#?secret=\"+t,e.setAttribute(\"data-secret\",t)),e.contentWindow.postMessage({message:\"ready\",secret:t},\"*\")},!1)))}(window,document);\n\/\/# sourceURL=https:\/\/serrafm879.com.br\/serrafm\/wp-includes\/js\/wp-embed.min.js\n\/* ]]> *\/\n<\/script>\n","thumbnail_url":"http:\/\/serrafm879.com.br\/serrafm\/wp-content\/uploads\/2025\/06\/download-4.jpg","thumbnail_width":290,"thumbnail_height":174,"description":"O ator Francisco Cuoco morreu, aos 91 anos, nesta quinta-feira (19). A causa da morte n\u00e3o foi divulgada. Cuoco estava internado no Albert Einstein, em S\u00e3o Paulo, h\u00e1 20 dias, e estava sedado desde ent\u00e3o. Ele tinha complica\u00e7\u00f5es de sa\u00fade em decorr\u00eancia da idade e por um ferimento que infeccionou, segundo a irm\u00e3, Gr\u00e1cia, com quem morava. O ator ficou conhecido pelos gal\u00e3s e protagonistas de novelas como &#8216;Pecado Capital&#8217;, &#8216;O Astro&#8217;, &#8216;Selva de Pedra&#8217; e &#8216;O S\u00e9timo Sentido&#8217;. O ator deixa tr\u00eas filhos -Tatiana, Rodrigo e Diogo &#8211; e personagens marcantes na dramaturgia brasileira. Vida e carreira Nascido em [&hellip;]"}

O ator Francisco Cuoco morreu, aos 91 anos, nesta quinta-feira (19). A causa da morte não foi divulgada. Cuoco estava internado no Albert Einstein, em São Paulo, há 20 dias, e estava sedado desde então. Ele tinha complicações de saúde em decorrência da idade e por um ferimento que infeccionou, segundo a irmã, Grácia, com quem morava. O ator ficou conhecido pelos galãs e protagonistas de novelas como &#8216;Pecado Capital&#8217;, &#8216;O Astro&#8217;, &#8216;Selva de Pedra&#8217; e &#8216;O Sétimo Sentido&#8217;. O ator deixa três filhos -Tatiana, Rodrigo e Diogo &#8211; e personagens marcantes na dramaturgia brasileira. Vida e carreira Nascido em [&hellip;]
