{"version":"1.0","provider_name":"Serra FM 87,9","provider_url":"https:\/\/serrafm879.com.br\/serrafm","author_name":"serrafm87","author_url":"https:\/\/serrafm879.com.br\/serrafm\/author\/serrafm87\/","title":"Confira programa\u00e7\u00e3o religiosa da Festa da Penha 2025 - Serra FM 87,9","type":"rich","width":600,"height":338,"html":"<blockquote class=\"wp-embedded-content\" data-secret=\"97e8V99Mnz\"><a href=\"https:\/\/serrafm879.com.br\/serrafm\/2025\/08\/confira-programacao-religiosa-da-festa-da-penha-2025\/\">Confira programa\u00e7\u00e3o religiosa da Festa da Penha 2025<\/a><\/blockquote><iframe sandbox=\"allow-scripts\" security=\"restricted\" src=\"https:\/\/serrafm879.com.br\/serrafm\/2025\/08\/confira-programacao-religiosa-da-festa-da-penha-2025\/embed\/#?secret=97e8V99Mnz\" width=\"600\" height=\"338\" title=\"&#8220;Confira programa\u00e7\u00e3o religiosa da Festa da Penha 2025&#8221; &#8212; Serra FM 87,9\" data-secret=\"97e8V99Mnz\" frameborder=\"0\" marginwidth=\"0\" marginheight=\"0\" scrolling=\"no\" class=\"wp-embedded-content\"><\/iframe><script type=\"text\/javascript\">\n\/* <![CDATA[ *\/\n\/*! This file is auto-generated *\/\n!function(d,l){\"use strict\";l.querySelector&&d.addEventListener&&\"undefined\"!=typeof URL&&(d.wp=d.wp||{},d.wp.receiveEmbedMessage||(d.wp.receiveEmbedMessage=function(e){var t=e.data;if((t||t.secret||t.message||t.value)&&!\/[^a-zA-Z0-9]\/.test(t.secret)){for(var s,r,n,a=l.querySelectorAll('iframe[data-secret=\"'+t.secret+'\"]'),o=l.querySelectorAll('blockquote[data-secret=\"'+t.secret+'\"]'),c=new RegExp(\"^https?:$\",\"i\"),i=0;i<o.length;i++)o[i].style.display=\"none\";for(i=0;i<a.length;i++)s=a[i],e.source===s.contentWindow&&(s.removeAttribute(\"style\"),\"height\"===t.message?(1e3<(r=parseInt(t.value,10))?r=1e3:~~r<200&&(r=200),s.height=r):\"link\"===t.message&&(r=new URL(s.getAttribute(\"src\")),n=new URL(t.value),c.test(n.protocol))&&n.host===r.host&&l.activeElement===s&&(d.top.location.href=t.value))}},d.addEventListener(\"message\",d.wp.receiveEmbedMessage,!1),l.addEventListener(\"DOMContentLoaded\",function(){for(var e,t,s=l.querySelectorAll(\"iframe.wp-embedded-content\"),r=0;r<s.length;r++)(t=(e=s[r]).getAttribute(\"data-secret\"))||(t=Math.random().toString(36).substring(2,12),e.src+=\"#?secret=\"+t,e.setAttribute(\"data-secret\",t)),e.contentWindow.postMessage({message:\"ready\",secret:t},\"*\")},!1)))}(window,document);\n\/\/# sourceURL=https:\/\/serrafm879.com.br\/serrafm\/wp-includes\/js\/wp-embed.min.js\n\/* ]]> *\/\n<\/script>\n","thumbnail_url":"http:\/\/serrafm879.com.br\/serrafm\/wp-content\/uploads\/2020\/11\/Serra-Talhada.jpg","thumbnail_width":730,"thumbnail_height":411,"description":"De 29 de agosto a 8 de setembro deste ano, acontece a 235\u00ba Festa em honra a Nossa Senhora da Penha, celebrada na Concatedral, que recebe o mesmo nome da padroeira da cidade de\u00a0Serra Talhada. Todos os anos, o noven\u00e1rio \u00e9 bastante aguardado pelos fi\u00e9is que durante estes dez dias celebram sua f\u00e9 e devo\u00e7\u00e3o. A abertura in\u00edcia na sexta-feira (29), com o ter\u00e7o e prociss\u00e3o da bandeira, saindo da resid\u00eancia de Jo\u00e3o Miguel e fam\u00edlia guardi\u00e3, localizada na Rua Manoel Pereira Lins, 504-N. e seguindo em dire\u00e7\u00e3o a Concatedral, onde acontece a celebra\u00e7\u00e3o eucar\u00edstica, que ser\u00e1 presidida pelo bispo [&hellip;]"}

Confira programação religiosa da Festa da Penha 2025 - Serra FM 87,9

<blockquote class="wp-embedded-content" data-secret="97e8V99Mnz"><a href="https://serrafm879.com.br/serrafm/2025/08/confira-programacao-religiosa-da-festa-da-penha-2025/">Confira programação religiosa da Festa da Penha 2025</a></blockquote><iframe sandbox="allow-scripts" security="restricted" src="https://serrafm879.com.br/serrafm/2025/08/confira-programacao-religiosa-da-festa-da-penha-2025/embed/#?secret=97e8V99Mnz" width="600" height="338" title="&#8220;Confira programação religiosa da Festa da Penha 2025&#8221; &#8212; Serra FM 87,9" data-secret="97e8V99Mnz" frameborder="0" marginwidth="0" marginheight="0" scrolling="no" class="wp-embedded-content"></iframe><script type="text/javascript">
/* <![CDATA[ */
/*! This file is auto-generated */
!function(d,l){"use strict";l.querySelector&&d.addEventListener&&"undefined"!=typeof URL&&(d.wp=d.wp||{},d.wp.receiveEmbedMessage||(d.wp.receiveEmbedMessage=function(e){var t=e.data;if((t||t.secret||t.message||t.value)&&!/[^a-zA-Z0-9]/.test(t.secret)){for(var s,r,n,a=l.querySelectorAll('iframe[data-secret="'+t.secret+'"]'),o=l.querySelectorAll('blockquote[data-secret="'+t.secret+'"]'),c=new RegExp("^https?:$","i"),i=0;i<o.length;i++)o[i].style.display="none";for(i=0;i<a.length;i++)s=a[i],e.source===s.contentWindow&&(s.removeAttribute("style"),"height"===t.message?(1e3<(r=parseInt(t.value,10))?r=1e3:~~r<200&&(r=200),s.height=r):"link"===t.message&&(r=new URL(s.getAttribute("src")),n=new URL(t.value),c.test(n.protocol))&&n.host===r.host&&l.activeElement===s&&(d.top.location.href=t.value))}},d.addEventListener("message",d.wp.receiveEmbedMessage,!1),l.addEventListener("DOMContentLoaded",function(){for(var e,t,s=l.querySelectorAll("iframe.wp-embedded-content"),r=0;r<s.length;r++)(t=(e=s[r]).getAttribute("data-secret"))||(t=Math.random().toString(36).substring(2,12),e.src+="#?secret="+t,e.setAttribute("data-secret",t)),e.contentWindow.postMessage({message:"ready",secret:t},"*")},!1)))}(window,document);
//# sourceURL=https://serrafm879.com.br/serrafm/wp-includes/js/wp-embed.min.js
/* ]]> */
</script>

De 29 de agosto a 8 de setembro deste ano, acontece a 235º Festa em honra a Nossa Senhora da Penha, celebrada na Concatedral, que recebe o mesmo nome da padroeira da cidade de Serra Talhada. Todos os anos, o novenário é bastante aguardado pelos fiéis que durante estes dez dias celebram sua fé e devoção. A abertura inícia na sexta-feira (29), com o terço e procissão da bandeira, saindo da residência de João Miguel e família guardiã, localizada na Rua Manoel Pereira Lins, 504-N. e seguindo em direção a Concatedral, onde acontece a celebração eucarística, que será presidida pelo bispo [&hellip;]
